{"id":2,"date":"2020-04-08T09:55:18","date_gmt":"2020-04-08T07:55:18","guid":{"rendered":"http:\/\/roseraiedupourtaou.fr\/?page_id=2"},"modified":"2023-04-11T21:49:12","modified_gmt":"2023-04-11T19:49:12","slug":"accueil","status":"publish","type":"page","link":"https:\/\/roseraiedupourtaou.fr\/","title":{"rendered":"Roseraie du Pourtaou"},"content":{"rendered":"\n<p>Maison de Jean Rameau- Po\u00e8te et \u00e9crivain Landais 1858-1942<\/p>\n\n\n\n<div class=\"wp-block-buttons is-layout-flex wp-block-buttons-is-layout-flex\">\n<div class=\"wp-block-button\"><a class=\"wp-block-button__link wp-element-button\" href=\"https:\/\/roseraiedupourtaou.fr\/?page_id=710\">Plan d&rsquo;acc\u00e8s<\/a><\/div>\n\n\n\n<div class=\"wp-block-button\"><a class=\"wp-block-button__link wp-element-button\" href=\"https:\/\/roseraiedupourtaou.fr\/?page_id=539\">Contact<\/a><\/div>\n\n\n\n<div class=\"wp-block-button\"><a class=\"wp-block-button__link wp-element-button\" href=\"https:\/\/roseraiedupourtaou.fr\/?page_id=754\">Galerie photo<\/a><\/div>\n<\/div>\n\n\n\n<figure class=\"wp-block-gallery has-nested-images columns-default is-cropped wp-block-gallery-1 is-layout-flex wp-block-gallery-is-layout-flex\">\n<figure class=\"wp-block-image size-medium\"><img loading=\"lazy\" decoding=\"async\" width=\"195\" height=\"300\" data-id=\"626\" src=\"https:\/\/roseraiedupourtaou.fr\/wp-content\/uploads\/2020\/04\/Roses-Anisade-195x300.jpg\" alt=\"\" class=\"wp-image-626\" srcset=\"https:\/\/roseraiedupourtaou.fr\/wp-content\/uploads\/2020\/04\/Roses-Anisade-195x300.jpg 195w, https:\/\/roseraiedupourtaou.fr\/wp-content\/uploads\/2020\/04\/Roses-Anisade.jpg 403w\" sizes=\"auto, (max-width: 195px) 100vw, 195px\" \/><\/figure>\n\n\n\n<figure class=\"wp-block-image size-medium\"><img loading=\"lazy\" decoding=\"async\" width=\"278\" height=\"300\" data-id=\"818\" src=\"https:\/\/roseraiedupourtaou.fr\/wp-content\/uploads\/2020\/05\/Monsieur-de-Morand-1891-278x300.jpg\" alt=\"\" class=\"wp-image-818\" srcset=\"https:\/\/roseraiedupourtaou.fr\/wp-content\/uploads\/2020\/05\/Monsieur-de-Morand-1891-278x300.jpg 278w, https:\/\/roseraiedupourtaou.fr\/wp-content\/uploads\/2020\/05\/Monsieur-de-Morand-1891-948x1024.jpg 948w, https:\/\/roseraiedupourtaou.fr\/wp-content\/uploads\/2020\/05\/Monsieur-de-Morand-1891-768x829.jpg 768w, https:\/\/roseraiedupourtaou.fr\/wp-content\/uploads\/2020\/05\/Monsieur-de-Morand-1891-1422x1536.jpg 1422w, https:\/\/roseraiedupourtaou.fr\/wp-content\/uploads\/2020\/05\/Monsieur-de-Morand-1891-1568x1693.jpg 1568w, https:\/\/roseraiedupourtaou.fr\/wp-content\/uploads\/2020\/05\/Monsieur-de-Morand-1891.jpg 1613w\" sizes=\"auto, (max-width: 278px) 100vw, 278px\" \/><\/figure>\n\n\n\n<figure class=\"wp-block-image size-medium\"><img loading=\"lazy\" decoding=\"async\" width=\"224\" height=\"300\" data-id=\"816\" src=\"https:\/\/roseraiedupourtaou.fr\/wp-content\/uploads\/2020\/05\/Orient-express-224x300.jpg\" alt=\"\" class=\"wp-image-816\" srcset=\"https:\/\/roseraiedupourtaou.fr\/wp-content\/uploads\/2020\/05\/Orient-express-224x300.jpg 224w, https:\/\/roseraiedupourtaou.fr\/wp-content\/uploads\/2020\/05\/Orient-express-766x1024.jpg 766w, https:\/\/roseraiedupourtaou.fr\/wp-content\/uploads\/2020\/05\/Orient-express-768x1027.jpg 768w, https:\/\/roseraiedupourtaou.fr\/wp-content\/uploads\/2020\/05\/Orient-express-1149x1536.jpg 1149w, https:\/\/roseraiedupourtaou.fr\/wp-content\/uploads\/2020\/05\/Orient-express.jpg 1272w\" sizes=\"auto, (max-width: 224px) 100vw, 224px\" \/><\/figure>\n<\/figure>\n\n\n\n<p>Le roseraie a \u00e9t\u00e9 refaite r\u00e9cemment en respectant le plan imagin\u00e9 par Jean Rameau, retrouv\u00e9 dans les archives de la maison.<\/p>\n\n\n\n<ul class=\"wp-block-list\">\n<li>La roseraie du Pourtaou permet d&rsquo;admirer, dans un cadre champ\u00eatre, <strong>un millier de rosiers<\/strong> dont les plus vieux datent de 1822.<\/li>\n\n\n\n<li>Jean Rameau modelait le ciment. Toutes les figures ornant la pergola ont \u00e9t\u00e9 fa\u00e7onn\u00e9es par l&rsquo;artiste.<\/li>\n\n\n\n<li>Sous cette tonnelle des photos de l&rsquo;\u00e9poque de la cr\u00e9ation du lieu (1910 environ) agr\u00e9mentent quelques textes du po\u00e8te.<\/li>\n<\/ul>\n\n\n\n<figure class=\"wp-block-image size-large\"><img loading=\"lazy\" decoding=\"async\" width=\"1024\" height=\"653\" src=\"https:\/\/roseraiedupourtaou.fr\/wp-content\/uploads\/2020\/04\/Tableau-roseraie-1933-1024x653.jpg\" alt=\"\" class=\"wp-image-15\" srcset=\"https:\/\/roseraiedupourtaou.fr\/wp-content\/uploads\/2020\/04\/Tableau-roseraie-1933-1024x653.jpg 1024w, https:\/\/roseraiedupourtaou.fr\/wp-content\/uploads\/2020\/04\/Tableau-roseraie-1933-300x191.jpg 300w, https:\/\/roseraiedupourtaou.fr\/wp-content\/uploads\/2020\/04\/Tableau-roseraie-1933-768x489.jpg 768w, https:\/\/roseraiedupourtaou.fr\/wp-content\/uploads\/2020\/04\/Tableau-roseraie-1933.jpg 1125w\" sizes=\"auto, (max-width: 1024px) 100vw, 1024px\" \/><\/figure>\n\n\n\n<p>Tableau : Jeune fille devant les arceaux de roses du Pourtaou 1933.<\/p>\n\n\n\n<p>Pastel de Jean Rameau<\/p>\n\n\n\n<h1 class=\"wp-block-heading\">Jean Rameau<\/h1>\n\n\n\n<p>Jean Rameau, \u00e9crivain et po\u00e8te natif du village de Ga\u00e2s dans les Landes, acheta en 1899 la ferme du Pourtaou \u00e0 Cauneille proche de son lieu de naissance.<\/p>\n\n\n\n<p>Cette demeure a \u00e9t\u00e9 transform\u00e9e, fa\u00e7onn\u00e9e et d\u00e9cor\u00e9e au gr\u00e9 de sa fantaisie. Cet amoureux de la nature aimait passionn\u00e9ment les roses, il \u00e9crivit plusieurs po\u00e9sies, romans et contes sur ce th\u00e8me.<\/p>\n\n\n\n<p>Il cr\u00e9a, en hommage \u00e0 cette fleur, une roseraie au d\u00e9but du si\u00e8cle dernier.<\/p>\n\n\n\n<figure class=\"wp-block-image size-large\"><img loading=\"lazy\" decoding=\"async\" width=\"745\" height=\"1024\" src=\"https:\/\/roseraiedupourtaou.fr\/wp-content\/uploads\/2020\/04\/J.R.assis-dans-la-Roseraie-001-745x1024.jpg\" alt=\"\" class=\"wp-image-164\" srcset=\"https:\/\/roseraiedupourtaou.fr\/wp-content\/uploads\/2020\/04\/J.R.assis-dans-la-Roseraie-001-745x1024.jpg 745w, https:\/\/roseraiedupourtaou.fr\/wp-content\/uploads\/2020\/04\/J.R.assis-dans-la-Roseraie-001-218x300.jpg 218w, https:\/\/roseraiedupourtaou.fr\/wp-content\/uploads\/2020\/04\/J.R.assis-dans-la-Roseraie-001-768x1056.jpg 768w, https:\/\/roseraiedupourtaou.fr\/wp-content\/uploads\/2020\/04\/J.R.assis-dans-la-Roseraie-001-1117x1536.jpg 1117w, https:\/\/roseraiedupourtaou.fr\/wp-content\/uploads\/2020\/04\/J.R.assis-dans-la-Roseraie-001-1489x2048.jpg 1489w, https:\/\/roseraiedupourtaou.fr\/wp-content\/uploads\/2020\/04\/J.R.assis-dans-la-Roseraie-001-1568x2156.jpg 1568w, https:\/\/roseraiedupourtaou.fr\/wp-content\/uploads\/2020\/04\/J.R.assis-dans-la-Roseraie-001.jpg 1700w\" sizes=\"auto, (max-width: 745px) 100vw, 745px\" \/><\/figure>\n\n\n\n<p>Jean Rameau assis dans la roseraie avec le c\u00e8dre \u00e0 l\u2019arri\u00e8re-plan.<\/p>\n\n\n\n<p>Photo coloris\u00e9e par Jean Rameau.<\/p>\n\n\n\n<p>Jean Rameau est n\u00e9 \u00e0 la maison <em>ous Camins<\/em> \u00e0 Ga\u00e2s<\/p>\n\n\n\n<p>(Landes) le 19 f\u00e9vrier 1858. Il est d\u00e9c\u00e9d\u00e9 au Pourtaou \u00e0 Cauneille le 21 f\u00e9vrier 1942.<\/p>\n\n\n\n<hr class=\"wp-block-separator has-alpha-channel-opacity\"\/>\n\n\n\n<blockquote class=\"wp-block-quote is-layout-flow wp-block-quote-is-layout-flow\">\n<p>\u00ab&nbsp;Qu\u2019on me pardonne de citer aujourd\u2019hui tant de po\u00e8tes !<\/p>\n\n\n\n<p>Mais, \u00e0 propos d\u2019arbres et de fleurs, peut-on oublier les po\u00e8tes ? Sans arbres et sans fleurs, y aurait-il jamais eu des po\u00e8tes ? S\u00fbrement non. Il n\u2019y aurait eu que des agents du Fisc.&nbsp;\u00bb<\/p>\n<\/blockquote>\n\n\n\n<h4 class=\"wp-block-heading\">Jean Rameau.<\/h4>\n\n\n\n<hr class=\"wp-block-separator has-alpha-channel-opacity\"\/>\n\n\n\n<p><a href=\"https:\/\/roseraiedupourtaou.fr\/?page_id=710\"><strong>Plan d&rsquo;acc\u00e8s &#8211; visites<\/strong><\/a><\/p>\n\n\n\n<p><a href=\"https:\/\/roseraiedupourtaou.fr\/?page_id=539\"><strong>Contact<\/strong><\/a><\/p>\n\n\n\n<p><a href=\"https:\/\/roseraiedupourtaou.fr\/?page_id=732\"><strong>Monument Historique<\/strong><\/a><\/p>\n\n\n\n<p><a href=\"https:\/\/roseraiedupourtaou.fr\/?page_id=754\"><strong>Galerie photo<\/strong><\/a><\/p>\n","protected":false},"excerpt":{"rendered":"<p>Maison de Jean Rameau- Po\u00e8te et \u00e9crivain Landais 1858-1942 Le roseraie a \u00e9t\u00e9 refaite r\u00e9cemment en respectant le plan imagin\u00e9 par Jean Rameau, retrouv\u00e9 dans les archives de la maison. Tableau : Jeune fille devant les arceaux de roses du Pourtaou 1933. Pastel de Jean Rameau Jean Rameau Jean Rameau, \u00e9crivain et po\u00e8te natif du [&hellip;]<\/p>\n","protected":false},"author":1,"featured_media":0,"parent":0,"menu_order":0,"comment_status":"closed","ping_status":"closed","template":"brizy-blank-template.php","meta":{"footnotes":""},"class_list":["post-2","page","type-page","status-publish","hentry","entry"],"_links":{"self":[{"href":"https:\/\/roseraiedupourtaou.fr\/index.php?rest_route=\/wp\/v2\/pages\/2","targetHints":{"allow":["GET"]}}],"collection":[{"href":"https:\/\/roseraiedupourtaou.fr\/index.php?rest_route=\/wp\/v2\/pages"}],"about":[{"href":"https:\/\/roseraiedupourtaou.fr\/index.php?rest_route=\/wp\/v2\/types\/page"}],"author":[{"embeddable":true,"href":"https:\/\/roseraiedupourtaou.fr\/index.php?rest_route=\/wp\/v2\/users\/1"}],"replies":[{"embeddable":true,"href":"https:\/\/roseraiedupourtaou.fr\/index.php?rest_route=%2Fwp%2Fv2%2Fcomments&post=2"}],"version-history":[{"count":38,"href":"https:\/\/roseraiedupourtaou.fr\/index.php?rest_route=\/wp\/v2\/pages\/2\/revisions"}],"predecessor-version":[{"id":931,"href":"https:\/\/roseraiedupourtaou.fr\/index.php?rest_route=\/wp\/v2\/pages\/2\/revisions\/931"}],"wp:attachment":[{"href":"https:\/\/roseraiedupourtaou.fr\/index.php?rest_route=%2Fwp%2Fv2%2Fmedia&parent=2"}],"curies":[{"name":"wp","href":"https:\/\/api.w.org\/{rel}","templated":true}]}}